{"id":66,"date":"2018-10-19T08:12:41","date_gmt":"2018-10-19T08:12:41","guid":{"rendered":"http:\/\/begegnungsgarten.de\/?page_id=66"},"modified":"2018-10-24T11:41:54","modified_gmt":"2018-10-24T11:41:54","slug":"kontakt","status":"publish","type":"page","link":"https:\/\/begegnungsgarten.de\/?page_id=66","title":{"rendered":"Kontakt"},"content":{"rendered":"\t\t<div data-elementor-type=\"wp-post\" data-elementor-id=\"66\" class=\"elementor elementor-66 elementor-bc-flex-widget\" data-elementor-settings=\"[]\">\n\t\t\t\t\t\t<div class=\"elementor-inner\">\n\t\t\t\t\t\t\t<div class=\"elementor-section-wrap\">\n\t\t\t\t\t\t\t<section class=\"elementor-section elementor-top-section elementor-element elementor-element-d218e42 elementor-section-boxed elementor-section-height-default elementor-section-height-default\" data-id=\"d218e42\" data-element_type=\"section\">\n\t\t\t\t\t\t<div class=\"elementor-container elementor-column-gap-default\">\n\t\t\t\t\t\t\t<div class=\"elementor-row\">\n\t\t\t\t\t<div class=\"elementor-column elementor-col-100 elementor-top-column elementor-element elementor-element-c222904\" data-id=\"c222904\" data-element_type=\"column\">\n\t\t\t<div class=\"elementor-column-wrap elementor-element-populated\">\n\t\t\t\t\t\t\t<div class=\"elementor-widget-wrap\">\n\t\t\t\t\t\t<div class=\"elementor-element elementor-element-4e6d074 elementor-widget elementor-widget-text-editor\" data-id=\"4e6d074\" data-element_type=\"widget\" data-widget_type=\"text-editor.default\">\n\t\t\t\t<div class=\"elementor-widget-container\">\n\t\t\t\t\t\t\t\t<div class=\"elementor-text-editor elementor-clearfix\">\n\t\t\t\t\t<div><div data-elementor-setting-key=\"editor\" data-elementor-inline-editing-toolbar=\"advanced\"><p><strong>Adresse<\/strong><\/p><p>Der Rottenburger Begegnungsgarten befindet sich im D\u00e4tzweg an der Abzweigung Saint-Claude-Stra\u00dfe. Wir treffen uns jeden Freitag ab 15 Uhr auf dem Grundst\u00fcck. Alle, die Lust haben mitzumachen, d\u00fcrfen einfach kommen.<\/p><\/div><\/div>\t\t\t\t\t<\/div>\n\t\t\t\t\t\t<\/div>\n\t\t\t\t<\/div>\n\t\t\t\t\t\t<\/div>\n\t\t\t\t\t<\/div>\n\t\t<\/div>\n\t\t\t\t\t\t\t\t<\/div>\n\t\t\t\t\t<\/div>\n\t\t<\/section>\n\t\t\t\t<section class=\"elementor-section elementor-top-section elementor-element elementor-element-be5ac35 elementor-section-boxed elementor-section-height-default elementor-section-height-default\" data-id=\"be5ac35\" data-element_type=\"section\">\n\t\t\t\t\t\t<div class=\"elementor-container elementor-column-gap-default\">\n\t\t\t\t\t\t\t<div class=\"elementor-row\">\n\t\t\t\t\t<div class=\"elementor-column elementor-col-100 elementor-top-column elementor-element elementor-element-4f656a8\" data-id=\"4f656a8\" data-element_type=\"column\">\n\t\t\t<div class=\"elementor-column-wrap elementor-element-populated\">\n\t\t\t\t\t\t\t<div class=\"elementor-widget-wrap\">\n\t\t\t\t\t\t<div class=\"elementor-element elementor-element-af79298 elementor-widget elementor-widget-image\" data-id=\"af79298\" data-element_type=\"widget\" data-widget_type=\"image.default\">\n\t\t\t\t<div class=\"elementor-widget-container\">\n\t\t\t\t\t\t\t\t<div class=\"elementor-image\">\n\t\t\t\t\t\t\t\t\t\t\t\t\t<a href=\"https:\/\/www.google.de\/maps\/place\/Rottenburger+Garten+der+Begegnung\/@48.4708086,8.9374589,17z\/data=!3m1!4b1!4m5!3m4!1s0x4799fc3646621277:0x627089e041ceb148!8m2!3d48.4708086!4d8.9396476\" target=\"_blank\">\n\t\t\t\t\t\t\t<img width=\"1024\" height=\"527\" src=\"https:\/\/begegnungsgarten.de\/wp-content\/uploads\/2018\/10\/Google-Maps-Karte-1024x527.jpg\" class=\"attachment-large size-large\" alt=\"Karte zur Wegbeschreibung\" loading=\"lazy\" srcset=\"https:\/\/begegnungsgarten.de\/wp-content\/uploads\/2018\/10\/Google-Maps-Karte-1024x527.jpg 1024w, https:\/\/begegnungsgarten.de\/wp-content\/uploads\/2018\/10\/Google-Maps-Karte-300x154.jpg 300w, https:\/\/begegnungsgarten.de\/wp-content\/uploads\/2018\/10\/Google-Maps-Karte-768x395.jpg 768w, https:\/\/begegnungsgarten.de\/wp-content\/uploads\/2018\/10\/Google-Maps-Karte.jpg 1131w\" sizes=\"(max-width: 1024px) 100vw, 1024px\" \/>\t\t\t\t\t\t\t\t<\/a>\n\t\t\t\t\t\t\t\t\t\t\t\t\t\t<\/div>\n\t\t\t\t\t\t<\/div>\n\t\t\t\t<\/div>\n\t\t\t\t\t\t<\/div>\n\t\t\t\t\t<\/div>\n\t\t<\/div>\n\t\t\t\t\t\t\t\t<\/div>\n\t\t\t\t\t<\/div>\n\t\t<\/section>\n\t\t\t\t\t\t<\/div>\n\t\t\t\t\t\t<\/div>\n\t\t\t\t\t<\/div>\n\t\t","protected":false},"excerpt":{"rendered":"<p>Adresse Der Rottenburger Begegnungsgarten befindet sich im D\u00e4tzweg an der Abzweigung Saint-Claude-Stra\u00dfe. Wir treffen uns jeden Freitag ab 15 Uhr auf dem Grundst\u00fcck. Alle, die Lust haben mitzumachen, d\u00fcrfen einfach kommen.<\/p>\n","protected":false},"author":1,"featured_media":0,"parent":0,"menu_order":0,"comment_status":"closed","ping_status":"closed","template":"","meta":[],"_links":{"self":[{"href":"https:\/\/begegnungsgarten.de\/index.php?rest_route=\/wp\/v2\/pages\/66"}],"collection":[{"href":"https:\/\/begegnungsgarten.de\/index.php?rest_route=\/wp\/v2\/pages"}],"about":[{"href":"https:\/\/begegnungsgarten.de\/index.php?rest_route=\/wp\/v2\/types\/page"}],"author":[{"embeddable":true,"href":"https:\/\/begegnungsgarten.de\/index.php?rest_route=\/wp\/v2\/users\/1"}],"replies":[{"embeddable":true,"href":"https:\/\/begegnungsgarten.de\/index.php?rest_route=%2Fwp%2Fv2%2Fcomments&post=66"}],"version-history":[{"count":20,"href":"https:\/\/begegnungsgarten.de\/index.php?rest_route=\/wp\/v2\/pages\/66\/revisions"}],"predecessor-version":[{"id":204,"href":"https:\/\/begegnungsgarten.de\/index.php?rest_route=\/wp\/v2\/pages\/66\/revisions\/204"}],"wp:attachment":[{"href":"https:\/\/begegnungsgarten.de\/index.php?rest_route=%2Fwp%2Fv2%2Fmedia&parent=66"}],"curies":[{"name":"wp","href":"https:\/\/api.w.org\/{rel}","templated":true}]}}